t is the hundreds digit of 9478?
4
What is the hundreds digit of 3264?
2
What is the thousands digit of 80992?
0
What is the ten thousands digit of 22242?
2
What is the tens digit of 58?
5
What is the tens digit of 21385?
8
What is the units digit of 714?
4
What is the units digit of 799?
9
What is the tens digit of 69?
6
What is the hundreds digit of 23546?
5
What is the tens digit of 552?
5
What is the thousands digit of 5728?
5
What is the thousands digit of 13901?
3
What is the hundreds digit of 225?
2
What is the units digit of 25606?
6
What is the hundreds digit of 8360?
3
What is the tens digit of 1130?
3
What is the thousands digit of 9696?
9
What is the thousands digit of 38435?
8
What is the tens digit of 3599?
9
What is the hundreds digit of 3066?
0
What is the units digit of 106?
6
What is the ten thousands digit of 95393?
9
What is the tens digit of 23805?
0
What is the tens digit of 5460?
6
What is the hundreds digit of 9882?
8
What is the ten thousands digit of 23769?
2
What is the tens digit of 11953?
5
What is the hundreds digit of 816?
8
What is the tens digit of 119?
1
What is the units digit of 60979?
9
What is the tens digit of 142?
4
What is the units digit of 21456?
6
What is the hundreds digit of 104584?
5
What is the tens digit of 62?
6
What is the units digit of 40387?
7
What is the hundreds digit of 2263?
2
What is the tens digit of 293?
9
What is the hundreds digit of 18206?
2
What is the thousands digit of 2158?
2
What is the tens digit of 5557?
5
What is the units digit of 8420?
0
What is the tens digit of 64?
6
What is the units digit of 26616?
6
What is the ten thousands digit of 24013?
2
What is the hundreds digit of 19717?
7
What is the units digit of 13380?
0
What is the hundreds digit of 1842?
8
What is the tens digit of 1099?
9
What is the hundreds digit of 1258?
2
What is the ten thousands digit of 14028?
1
What is the units digit of 23763?
3
What is the units digit of 46023?
3
What is the thousands digit of 45441?
5
What is the units digit of 7383?
3
What is the tens digit of 870?
7
What is the hundreds digit of 1288?
2
What is the hundreds digit of 671?
6
What is the tens digit of 1602?
0
What is the tens digit of 22423?
2
What is the tens digit of 44910?
1
What is the hundreds digit of 787?
7
What is the hundreds digit of 1696?
6
What is the units digit of 1567?
7
What is the hundreds digit of 894?
8
What is the units digit of 3739?
9
What is the thousands digit of 40220?
0
What is the thousands digit of 10185?
0
What is the units digit of 1707?
7
What is the units digit of 17432?
2
What is the hundreds digit of 352?
3
What is the units digit of 7206?
6
What is the units digit of 24028?
8
What is the hundreds digit of 3485?
4
What is the units digit of 3613?
3
What is the tens digit of 15509?
0
What is the thousands digit of 3332?
3
What is the thousands digit of 2765?
2
What is the thousands digit of 1286?
1
What is the hundreds digit of 15535?
5
What is the hundreds digit of 1303?
3
What is the units digit of 2023?
3
What is the ten thousands digit of 12815?
1
What is the units digit of 31338?
8
What is the thousands digit of 4742?
4
What is the hundreds digit of 6806?
8
What is the hundreds digit of 3440?
4
What is the hundreds digit of 1755?
7
What is the ten thousands digit of 49988?
4
What is the thousands digit of 8137?
8
What is the units digit of 1380?
0
What is the hundreds digit of 259?
2
What is the units digit of 91?
1
What is the hundreds digit of 12133?
1
What is the thousands digit of 6550?
6
What is the hundred thousands digit of 100934?
1
What is the units digit of 42688?
8
What is the hundreds digit of 885?
8
What is the units digit of 38470?
0
What is the tens digit of 59?
5
What is the units digit of 2328?
8
What is the thousands digit of 1602?
1
What is the hundreds digit of 7254?
2
What is the tens digit of 12156?
5
What is the units digit of 1792?
2
What is the tens digit of 23282?
8
What is the ten thousands digit of 33826?
3
What is the hundreds digit of 1745?
7
What is the ten thousands digit of 53602?
5
What is the units digit of 1297?
7
What is the tens digit of 88?
8
What is the hundreds digit of 117479?
4
What is the tens digit of 2146?
4
What is the hundreds digit of 1884?
8
What is the tens digit of 26?
2
What is the ten thousands digit of 10834?
1
What is the hundreds digit of 2324?
3
What is the units digit of 1354?
4
What is the hundreds digit of 395?
3
What is the thousands digit of 34055?
4
What is the hundreds digit of 431?
4
What is the hundreds digit of 1988?
9
What is the units digit of 1907?
7
What is the hundreds digit of 7639?
6
What is the thousands digit of 29888?
9
What is the tens digit of 3377?
7
What is the thousands digit of 3509?
3
What is the tens digit of 3604?
0
What is the units digit of 8259?
9
What is the hundreds digit of 43304?
3
What is the tens digit of 4954?
5
What is the tens digit of 829?
2
What is the tens digit of 684?
8
What is the thousands digit of 2779?
2
What is the units digit of 1383?
3
What is the tens digit of 5109?
0
What is the hundreds digit of 89129?
1
What is the units digit of 51353?
3
What is the ten thousands digit of 16327?
1
What is the tens digit of 126161?
6
What is the hundreds digit of 9645?
6
What is the hundred thousands digit of 117590?
1
What is the units digit of 1301?
1
What is the hundreds digit of 2671?
6
What is the thousands digit of 19885?
9
What is the units digit of 23708?
8
What is the thousands digit of 3387?
3
What is the ten thousands digit of 12575?
1
What is the tens digit of 8802?
0
What is the units digit of 2126?
6
What is the thousands digit of 1918?
1
What is the thousands digit of 4172?
4
What is the units digit of 1723?
3
What is the thousands digit of 36188?
6
What is the thousands digit of 22629?
2
What is the units digit of 13773?
3
What is the thousands digit of 1689?
1
What is the tens digit of 536?
3
What is the units digit of 2331?
1
What is the tens digit of 524?
2
What is the thousands digit of 1128?
1
What is the hundreds digit of 9374?
3
What is the tens digit of 1297?
9
What is the tens digit of 1255?
5
What is the units digit of 40076?
6
What is the tens digit of 3438?
3
What is the hundreds digit of 12964?
9
What is the hundreds digit of 57848?
8
What is the tens digit of 12133?
3
What is the hundreds digit of 28956?
9
What is the thousands digit of 1537?
1
What is the hundreds digit of 1262?
2
What is the hundreds digit of 2190?
1
What is the hundreds digit of 13266?
2
What is the hundreds digit of 12176?
1
What is the hundred thousands digit of 139248?
1
What is the tens digit of 52804?
0
What is the units digit of 50418?
8
What is the units digit of 3191?
1
What is the thousands digit of 32615?
2
What is the units digit of 2049?
9
What is the tens digit of 9849?
4
What is the hundreds digit of 3646?
6
What is the units digit of 17203?
3
What is the hundreds digit of 150740?
7
What is the hundreds digit of 740?
7
What is the thousands digit of 1165?
1
What is the units digit of 19580?
0
What is the units digit of 8767?
7
What is the tens digit of 31290?
9
What is the units digit of 1353?
3
What is the tens digit of 34893?
9
What is the units digit of 13635?
5
What is the ten thousands digit of 59807?
5
What is the tens digit of 512?
1
What is the thousands digit of 5807?
5
What is the hundreds digit of 2943?
9
What is the tens digit of 9122?
2
What is the units digit of 247?
7
What is the thousands digit of 76024?
6
What is the tens digit of 10214?
1
What is the hundreds digit of 729?
7
What is the thousands digit of 117540?
7
What is the units digit of 3844?
4
What is the tens digit of 95001?
0
What is the hundreds digit of 357?
3
What is the units digit of 1196?
6
What is the units digit of 857?
7
What is the units digit of 120266?
6
What is the ten thousands digit of 29952?
2
What is the tens digit of 1442?
4
What is the ten thousands digit of 13926?
1
What is the units digit of 9411?
1
What is the tens digit of 32528?
2
What is the units digit of 27109?
9
What is the thousands digit of 165287?
5
What is the units digit of 8181?
1
What is the tens digit of 420?
2
What is the units digit of 3710?
0
What is the tens digit of 1213?
1
What is the tens digit of 819?
1
W